[INFO] cloning repository https://github.com/dmit/keikaku
[INFO] running `Command { std: "git" "-c" "credential.helper=" "-c" "credential.helper=/workspace/cargo-home/bin/git-credential-null" "clone" "--bare" "https://github.com/dmit/keikaku" "/workspace/cache/git-repos/https%3A%2F%2Fgithub.com%2Fdmit%2Fkeikaku", kill_on_drop: false }`
[INFO] [stderr] Cloning into bare repository '/workspace/cache/git-repos/https%3A%2F%2Fgithub.com%2Fdmit%2Fkeikaku'...
[INFO] running `Command { std: "git" "rev-parse" "HEAD", kill_on_drop: false }`
[INFO] [stdout] dd5f9318c89e73b1af2c3776fad2a61e3150331c
[INFO] checking dmit/keikaku against try#72f88fc4e9458f89516a0b8b0868f3718aec5b47 for pr-74989
[INFO] running `Command { std: "git" "clone" "/workspace/cache/git-repos/https%3A%2F%2Fgithub.com%2Fdmit%2Fkeikaku" "/workspace/builds/worker-5/source", kill_on_drop: false }`
[INFO] [stderr] Cloning into '/workspace/builds/worker-5/source'...
[INFO] [stderr] done.
[INFO] validating manifest of git repo https://github.com/dmit/keikaku on toolchain 72f88fc4e9458f89516a0b8b0868f3718aec5b47
[INFO] running `Command { std: "/workspace/cargo-home/bin/cargo" "+72f88fc4e9458f89516a0b8b0868f3718aec5b47" "read-manifest" "--manifest-path" "Cargo.toml", kill_on_drop: false }`
[INFO] started tweaking git repo https://github.com/dmit/keikaku
[INFO] finished tweaking git repo https://github.com/dmit/keikaku
[INFO] tweaked toml for git repo https://github.com/dmit/keikaku written to /workspace/builds/worker-5/source/Cargo.toml
[INFO] crate git repo https://github.com/dmit/keikaku already has a lockfile, it will not be regenerated
[INFO] running `Command { std: "/workspace/cargo-home/bin/cargo" "+72f88fc4e9458f89516a0b8b0868f3718aec5b47" "fetch" "--locked" "--manifest-path" "Cargo.toml", kill_on_drop: false }`
[INFO] [stderr]     Blocking waiting for file lock on package cache
[INFO] running `Command { std: "docker" "create" "-v" "/var/lib/crater-agent-workspace/builds/worker-5/target:/opt/rustwide/target:rw,Z" "-v" "/var/lib/crater-agent-workspace/builds/worker-5/source:/opt/rustwide/workdir:ro,Z" "-v" "/var/lib/crater-agent-workspace/cargo-home:/opt/rustwide/cargo-home:ro,Z" "-v" "/var/lib/crater-agent-workspace/rustup-home:/opt/rustwide/rustup-home:ro,Z" "-e" "SOURCE_DIR=/opt/rustwide/workdir" "-e" "CARGO_TARGET_DIR=/opt/rustwide/target" "-e" "CARGO_HOME=/opt/rustwide/cargo-home" "-e" "RUSTUP_HOME=/opt/rustwide/rustup-home" "-w" "/opt/rustwide/workdir" "-m" "1610612736" "--user" "0:0" "--network" "none" "rustops/crates-build-env@sha256:d92eaeed33fa75130ca1ee6c8a01d1ffb62bac859dfdfb3450e3e5d1c0146529" "/opt/rustwide/cargo-home/bin/cargo" "+72f88fc4e9458f89516a0b8b0868f3718aec5b47" "metadata" "--no-deps" "--format-version=1", kill_on_drop: false }`
[INFO] [stdout] fa54fa650a4fed3f53b09abffded0574f14940bc0e1613e2fc2c8b6179573786
[INFO] [stderr] WARNING: Your kernel does not support swap limit capabilities or the cgroup is not mounted. Memory limited without swap.
[INFO] running `Command { std: "docker" "start" "-a" "fa54fa650a4fed3f53b09abffded0574f14940bc0e1613e2fc2c8b6179573786", kill_on_drop: false }`
[INFO] running `Command { std: "docker" "inspect" "fa54fa650a4fed3f53b09abffded0574f14940bc0e1613e2fc2c8b6179573786", kill_on_drop: false }`
[INFO] running `Command { std: "docker" "rm" "-f" "fa54fa650a4fed3f53b09abffded0574f14940bc0e1613e2fc2c8b6179573786", kill_on_drop: false }`
[INFO] [stdout] fa54fa650a4fed3f53b09abffded0574f14940bc0e1613e2fc2c8b6179573786
[INFO] running `Command { std: "docker" "create" "-v" "/var/lib/crater-agent-workspace/builds/worker-5/target:/opt/rustwide/target:rw,Z" "-v" "/var/lib/crater-agent-workspace/builds/worker-5/source:/opt/rustwide/workdir:ro,Z" "-v" "/var/lib/crater-agent-workspace/cargo-home:/opt/rustwide/cargo-home:ro,Z" "-v" "/var/lib/crater-agent-workspace/rustup-home:/opt/rustwide/rustup-home:ro,Z" "-e" "SOURCE_DIR=/opt/rustwide/workdir" "-e" "CARGO_TARGET_DIR=/opt/rustwide/target" "-e" "CARGO_INCREMENTAL=0" "-e" "RUST_BACKTRACE=full" "-e" "RUSTFLAGS=--cap-lints=forbid" "-e" "CARGO_HOME=/opt/rustwide/cargo-home" "-e" "RUSTUP_HOME=/opt/rustwide/rustup-home" "-w" "/opt/rustwide/workdir" "-m" "1610612736" "--user" "0:0" "--network" "none" "rustops/crates-build-env@sha256:d92eaeed33fa75130ca1ee6c8a01d1ffb62bac859dfdfb3450e3e5d1c0146529" "/opt/rustwide/cargo-home/bin/cargo" "+72f88fc4e9458f89516a0b8b0868f3718aec5b47" "check" "--frozen" "--all" "--all-targets" "--message-format=json", kill_on_drop: false }`
[INFO] [stdout] cab18ab349cd74eecb02f4d88a1176fe8902c685ef22674cc7f612f7106021d3
[INFO] [stderr] WARNING: Your kernel does not support swap limit capabilities or the cgroup is not mounted. Memory limited without swap.
[INFO] running `Command { std: "docker" "start" "-a" "cab18ab349cd74eecb02f4d88a1176fe8902c685ef22674cc7f612f7106021d3", kill_on_drop: false }`
[INFO] [stderr]     Checking keikaku v0.1.0 (/opt/rustwide/workdir)
[INFO] [stdout] error[E0425]: cannot find value `args` in this scope
[INFO] [stdout]    --> src/eval/mod.rs:118:48
[INFO] [stdout]     |
[INFO] [stdout] 118 |                     [(Ast::Symbol(sym), span), args..] => {
[INFO] [stdout]     |                                                ^^^^ not found in this scope
[INFO] [stdout]     |
[INFO] [stdout] help: consider importing this function
[INFO] [stdout]     |
[INFO] [stdout] 3   | use std::env::args;
[INFO] [stdout]     |
[INFO] [stdout] 
[INFO] [stdout] 
[INFO] [stdout] error[E0425]: cannot find value `args` in this scope
[INFO] [stdout]    --> src/eval/mod.rs:125:52
[INFO] [stdout]     |
[INFO] [stdout] 125 | ...                   for (ast, span) in args {
[INFO] [stdout]     |                                          ^^^^ not found in this scope
[INFO] [stdout]     |
[INFO] [stdout] help: consider importing this function
[INFO] [stdout]     |
[INFO] [stdout] 3   | use std::env::args;
[INFO] [stdout]     |
[INFO] [stdout] 
[INFO] [stdout] 
[INFO] [stdout] error[E0425]: cannot find value `args` in this scope
[INFO] [stdout]    --> src/eval/mod.rs:118:48
[INFO] [stdout]     |
[INFO] [stdout] 118 |                     [(Ast::Symbol(sym), span), args..] => {
[INFO] [stdout]     |                                                ^^^^ not found in this scope
[INFO] [stdout]     |
[INFO] [stdout] help: consider importing this function
[INFO] [stdout]     |
[INFO] [stdout] 3   | use std::env::args;
[INFO] [stdout]     |
[INFO] [stdout] 
[INFO] [stdout] 
[INFO] [stdout] error[E0425]: cannot find value `args` in this scope
[INFO] [stdout]    --> src/eval/mod.rs:125:52
[INFO] [stdout]     |
[INFO] [stdout] 125 | ...                   for (ast, span) in args {
[INFO] [stdout]     |                                          ^^^^ not found in this scope
[INFO] [stdout]     |
[INFO] [stdout] help: consider importing this function
[INFO] [stdout]     |
[INFO] [stdout] 3   | use std::env::args;
[INFO] [stdout]     |
[INFO] [stdout] 
[INFO] [stdout] 
[INFO] [stdout] error[E0658]: half-open range patterns are unstable
[INFO] [stdout]    --> src/eval/mod.rs:118:48
[INFO] [stdout]     |
[INFO] [stdout] 118 |                     [(Ast::Symbol(sym), span), args..] => {
[INFO] [stdout]     |                                                ^^^^^^
[INFO] [stdout]     |
[INFO] [stdout]     = note: see issue #67264 <https://github.com/rust-lang/rust/issues/67264> for more information
[INFO] [stdout]     = help: add `#![feature(half_open_range_patterns)]` to the crate attributes to enable
[INFO] [stdout] 
[INFO] [stdout] 
[INFO] [stdout] error[E0658]: exclusive range pattern syntax is experimental
[INFO] [stdout]    --> src/eval/mod.rs:118:48
[INFO] [stdout]     |
[INFO] [stdout] 118 |                     [(Ast::Symbol(sym), span), args..] => {
[INFO] [stdout]     |                                                ^^^^^^
[INFO] [stdout]     |
[INFO] [stdout]     = note: see issue #37854 <https://github.com/rust-lang/rust/issues/37854> for more information
[INFO] [stdout]     = help: add `#![feature(exclusive_range_pattern)]` to the crate attributes to enable
[INFO] [stdout] 
[INFO] [stdout] 
[INFO] [stdout] error[E0658]: half-open range patterns are unstable
[INFO] [stdout]    --> src/eval/mod.rs:118:48
[INFO] [stdout]     |
[INFO] [stdout] 118 |                     [(Ast::Symbol(sym), span), args..] => {
[INFO] [stdout]     |                                                ^^^^^^
[INFO] [stdout]     |
[INFO] [stdout]     = note: see issue #67264 <https://github.com/rust-lang/rust/issues/67264> for more information
[INFO] [stdout]     = help: add `#![feature(half_open_range_patterns)]` to the crate attributes to enable
[INFO] [stdout] 
[INFO] [stdout] 
[INFO] [stdout] error[E0658]: exclusive range pattern syntax is experimental
[INFO] [stdout]    --> src/eval/mod.rs:118:48
[INFO] [stdout]     |
[INFO] [stdout] 118 |                     [(Ast::Symbol(sym), span), args..] => {
[INFO] [stdout]     |                                                ^^^^^^
[INFO] [stdout]     |
[INFO] [stdout]     = note: see issue #37854 <https://github.com/rust-lang/rust/issues/37854> for more information
[INFO] [stdout]     = help: add `#![feature(exclusive_range_pattern)]` to the crate attributes to enable
[INFO] [stdout] 
[INFO] [stdout] 
[INFO] [stdout] warning: trait objects without an explicit `dyn` are deprecated
[INFO] [stdout]  --> src/eval/prim.rs:6:27
[INFO] [stdout]   |
[INFO] [stdout] 6 | pub type Prim = &'static (Fn(Span, &In) -> Out + Sync);
[INFO] [stdout]   |                           ^^^^^^^^^^^^^^^^^^^^^^^^^^^ help: use `dyn`: `dyn Fn(Span, &In) -> Out + Sync`
[INFO] [stdout]   |
[INFO] [stdout]   = note: `#[warn(bare_trait_objects)]` on by default
[INFO] [stdout] 
[INFO] [stdout] 
[INFO] [stdout] warning: trait objects without an explicit `dyn` are deprecated
[INFO] [stdout]   --> src/eval/mod.rs:70:19
[INFO] [stdout]    |
[INFO] [stdout] 70 |         (self as &Display).fmt(f)
[INFO] [stdout]    |                   ^^^^^^^ help: use `dyn`: `dyn Display`
[INFO] [stdout] 
[INFO] [stdout] 
[INFO] [stdout] warning: trait objects without an explicit `dyn` are deprecated
[INFO] [stdout]  --> src/eval/prim.rs:6:27
[INFO] [stdout]   |
[INFO] [stdout] 6 | pub type Prim = &'static (Fn(Span, &In) -> Out + Sync);
[INFO] [stdout]   |                           ^^^^^^^^^^^^^^^^^^^^^^^^^^^ help: use `dyn`: `dyn Fn(Span, &In) -> Out + Sync`
[INFO] [stdout]   |
[INFO] [stdout]   = note: `#[warn(bare_trait_objects)]` on by default
[INFO] [stdout] 
[INFO] [stdout] 
[INFO] [stdout] warning: trait objects without an explicit `dyn` are deprecated
[INFO] [stdout]   --> src/eval/mod.rs:70:19
[INFO] [stdout]    |
[INFO] [stdout] 70 |         (self as &Display).fmt(f)
[INFO] [stdout]    |                   ^^^^^^^ help: use `dyn`: `dyn Display`
[INFO] [stdout] 
[INFO] [stdout] 
[INFO] [stdout] error: aborting due to 4 previous errors; 2 warnings emitted
[INFO] [stdout] 
[INFO] [stdout] 
[INFO] [stdout] Some errors have detailed explanations: E0425, E0658.
[INFO] [stdout] 
[INFO] [stdout] For more information about an error, try `rustc --explain E0425`.
[INFO] [stdout] 
[INFO] [stderr] error: could not compile `keikaku`.
[INFO] [stderr] 
[INFO] [stderr] To learn more, run the command again with --verbose.
[INFO] [stderr] warning: build failed, waiting for other jobs to finish...
[INFO] [stdout] error: aborting due to 4 previous errors; 2 warnings emitted
[INFO] [stdout] 
[INFO] [stdout] 
[INFO] [stdout] Some errors have detailed explanations: E0425, E0658.
[INFO] [stdout] 
[INFO] [stdout] For more information about an error, try `rustc --explain E0425`.
[INFO] [stdout] 
[INFO] [stderr] error: build failed
[INFO] running `Command { std: "docker" "inspect" "cab18ab349cd74eecb02f4d88a1176fe8902c685ef22674cc7f612f7106021d3", kill_on_drop: false }`
[INFO] running `Command { std: "docker" "rm" "-f" "cab18ab349cd74eecb02f4d88a1176fe8902c685ef22674cc7f612f7106021d3", kill_on_drop: false }`
[INFO] [stdout] cab18ab349cd74eecb02f4d88a1176fe8902c685ef22674cc7f612f7106021d3
